 3230 and 133.
19
Calculate the highest common factor of 24528 and 336.
336
Calculate the greatest common divisor of 2119 and 481.
13
What is the greatest common divisor of 13 and 169?
13
What is the highest common divisor of 17 and 3?
1
What is the greatest common divisor of 5 and 215?
5
Calculate the greatest common divisor of 231 and 99.
33
What is the greatest common factor of 1385 and 200?
5
What is the greatest common divisor of 3 and 27?
3
Calculate the highest common divisor of 61 and 61.
61
What is the highest common divisor of 372 and 62?
62
What is the highest common divisor of 14 and 161?
7
What is the greatest common divisor of 12926 and 46?
46
Calculate the highest common divisor of 1036 and 296.
148
Calculate the highest common factor of 46 and 6003.
23
What is the highest common factor of 760 and 1400?
40
What is the greatest common divisor of 48 and 932?
4
What is the highest common factor of 480 and 19872?
96
Calculate the greatest common factor of 335 and 10.
5
Calculate the greatest common factor of 90 and 45.
45
Calculate the greatest common factor of 38 and 16.
2
What is the highest common factor of 486 and 1278?
18
Calculate the greatest common factor of 5256 and 32.
8
Calculate the highest common factor of 494 and 52.
26
What is the greatest common factor of 104 and 29224?
104
What is the greatest common divisor of 2011 and 1?
1
What is the highest common divisor of 1615 and 1190?
85
Calculate the greatest common factor of 9320 and 120.
40
Calculate the greatest common factor of 248 and 7130.
62
What is the greatest common factor of 123 and 33?
3
Calculate the highest common factor of 9 and 927.
9
Calculate the greatest common divisor of 90 and 2430.
90
What is the greatest common factor of 14 and 378?
14
Calculate the greatest common factor of 68 and 448.
4
What is the highest common divisor of 14 and 2?
2
Calculate the highest common divisor of 1638 and 189.
63
Calculate the highest common divisor of 235 and 5.
5
Calculate the highest common divisor of 124 and 3751.
31
Calculate the greatest common divisor of 324 and 8.
4
Calculate the greatest common divisor of 154 and 322.
14
What is the highest common divisor of 12 and 51276?
12
Calculate the highest common factor of 4 and 292.
4
What is the greatest common divisor of 83064 and 24?
24
Calculate the highest common divisor of 62 and 806.
62
Calculate the greatest common divisor of 19 and 323.
19
What is the highest common divisor of 13 and 52?
13
What is the highest common factor of 3 and 381?
3
What is the greatest common factor of 10 and 4870?
10
Calculate the greatest common factor of 1340 and 640.
20
Calculate the highest common factor of 630 and 15.
15
Calculate the highest common factor of 9 and 2229.
3
What is the highest common factor of 969 and 1139?
17
Calculate the greatest common divisor of 1970 and 10.
10
What is the greatest common factor of 56 and 119?
7
Calculate the greatest common factor of 16 and 168.
8
Calculate the greatest common factor of 420 and 280.
140
What is the highest common divisor of 513 and 171?
171
Calculate the highest common divisor of 351 and 54.
27
Calculate the greatest common divisor of 70 and 240.
10
What is the highest common divisor of 41780 and 20?
20
What is the highest common factor of 1995 and 45?
15
What is the greatest common divisor of 119 and 544?
17
Calculate the greatest common divisor of 20 and 10.
10
Calculate the greatest common divisor of 8 and 72.
8
What is the highest common divisor of 22 and 1034?
22
What is the highest common divisor of 1505 and 560?
35
What is the greatest common divisor of 1288 and 42?
14
What is the greatest common factor of 1356 and 24?
12
What is the greatest common factor of 6790 and 20?
10
What is the highest common factor of 288 and 9144?
72
What is the highest common divisor of 391 and 17?
17
What is the greatest common divisor of 18 and 40032?
18
Calculate the highest common factor of 24936 and 72.
24
What is the greatest common divisor of 27 and 24?
3
Calculate the greatest common divisor of 408 and 153.
51
Calculate the highest common divisor of 7387 and 83.
83
What is the highest common divisor of 182 and 70?
14
What is the highest common factor of 66 and 84?
6
What is the greatest common divisor of 34 and 67?
1
Calculate the highest common divisor of 45 and 465.
15
Calculate the highest common factor of 1564 and 272.
68
Calculate the highest common divisor of 36 and 7884.
36
Calculate the highest common factor of 172 and 20.
4
Calculate the greatest common factor of 110 and 400.
10
Calculate the highest common factor of 16296 and 504.
168
What is the greatest common factor of 459 and 255?
51
What is the highest common divisor of 4 and 1244?
4
What is the highest common divisor of 8 and 2264?
8
What is the highest common factor of 14592 and 48?
48
Calculate the highest common factor of 14 and 889.
7
What is the highest common divisor of 3854 and 376?
94
What is the greatest common factor of 1089 and 7821?
99
What is the highest common divisor of 16 and 592?
16
Calculate the highest common divisor of 3173 and 167.
167
What is the highest common factor of 14 and 48538?
14
Calculate the highest common factor of 247 and 19.
19
What is the highest common divisor of 108 and 236?
4
What is the greatest common factor of 13 and 871?
13
Calculate the highest common divisor of 27 and 144.
9
What is the highest common divisor of 10 and 395?
5
Calculate the highest common divisor of 464 and 145.
29
Calculate the greatest common divisor of 825 and 525.
75
Calculate the highest common factor of 2 and 158.
2
What is the highest common factor of 372 and 26164?
124
What is the greatest common divisor of 954 and 2968?
106
What is the highest common factor of 3915 and 405?
135
What is the greatest common factor of 1 and 47?
1
What is the highest common divisor of 10932 and 12?
12
What is the greatest common divisor of 168 and 11676?
84
What is the greatest common divisor of 66 and 1551?
33
What is the highest common divisor of 22 and 198?
22
What is the highest common factor of 672 and 21?
21
What is the greatest common divisor of 870 and 45?
15
What is the highest common divisor of 1 and 61?
1
Calculate the greatest common divisor of 3375 and 125.
125
Calculate the greatest common divisor of 7 and 32333.
7
Calculate the greatest common factor of 594 and 22.
22
Calculate the greatest common divisor of 71 and 852.
71
Calculate the highest common factor of 33 and 165.
33
What is the greatest common factor of 10 and 1930?
10
Calculate the highest common divisor of 741 and 76.
19
What is the highest common factor of 189 and 20601?
189
What is the highest common divisor of 1431 and 54?
27
Calculate the greatest common divisor of 369 and 24231.
123
Calculate the greatest common factor of 519 and 2422.
173
Calculate the greatest common divisor of 39 and 12.
3
What is the greatest common divisor of 111166 and 31?
31
What is the highest common factor of 480 and 30?
30
Calculate the highest common divisor of 8491 and 14.
7
Calculate the greatest common divisor of 9152 and 13.
13
What is the highest common factor of 513 and 3?
3
What is the greatest common factor of 95 and 1520?
95
Calculate the greatest common divisor of 1125 and 30.
15
What is the highest common factor of 145 and 3857?
29
Calculate the highest common factor of 6832 and 224.
112
Calculate the greatest common divisor of 1830 and 20.
10
Calculate the greatest common divisor of 74 and 4477.
37
What is the greatest common factor of 285 and 741?
57
What is the highest common divisor of 273 and 13?
13
What is the highest common divisor of 250 and 275?
25
What is the greatest common factor of 50 and 675?
25
Calculate the highest common factor of 1720 and 160.
40
Calculate the greatest common divisor of 80 and 100.
20
Calculate the greatest common divisor of 44 and 7502.
22
Calculate the highest common factor of 72 and 18.
18
What is the greatest common divisor of 66 and 2761?
11
Calculate the highest common factor of 6812 and 416.
52
What is the highest common divisor of 1404 and 1350?
54
What is the greatest common factor of 40 and 500?
20
What is the highest common factor of 130 and 11479?
13
What is the highest common factor of 820 and 20?